termine b(c).
-7
Suppose 0 = 58*v - 34*v + 192. Let t(p) = 2*p**2 + 19*p + 6. Determine t(v).
-18
Let k(z) = -10653*z + 10654*z + 4 - 1. What is k(-3)?
0
Let v(c) = 15*c**2 - 1 - 3*c**3 + 15 + c + 6*c + 3. Let m(a) = a**3 - 5*a**2 - 2*a - 5. Let o(y) = 7*m(y) + 2*v(y). Let p be 33/7 - 2/(-7). Determine o(p).
-1
Let w = 2 + -1. Let g(f) be the first derivative of -5 + 7*f + 0 - f**3 - 6*f. Determine g(w).
-2
Let r(h) = -3*h + 75. Suppose -26*q + 1213 = 563. Calculate r(q).
0
Let h = 8 + 4. Let w be (-8)/h*6 - 6. Let f be (w/(-4) - 3)*2. Let s(y) = 2*y**3 - y**2. What is s(f)?
-3
Let y(u) be the first derivative of -2*u**3/3 + 2*u**2 + 3*u - 460. Calculate y(4).
-13
Let g(s) = -4*s - 8*s**2 + 1 + 4*s. Let l = -1052 - -1053. What is g(l)?
-7
Let a be 17/(-2) + (-42)/28. Let t(q) = -q**2 - 8*q - 1. What is t(a)?
-21
Suppose -5*d + 245 = 2*d. Let r(u) = -31*u - 4 + d*u + 3. Calculate r(3).
11
Let f(r) = 323*r + 5. Let h be f(0). Let z(k) be the second derivative of k**5/20 - k**4/3 - 2*k**3/3 + k**2/2 + k. Determine z(h).
6
Let s(h) be the third derivative of -h**5/60 + h**4/6 - h**3/3 - 95*h**2. Calculate s(3).
1
Let x(y) = -9*y**2 + 24*y + 11. Let h(m) = -7*m**2 + 21*m + 9. Let c(p) = 5*h(p) - 4*x(p). Determine c(-6).
-17
Let a(f) = f**3 - 6*f**2 - 7*f - 3. Let t be (-468)/(-63) + 18/(-42). Determine a(t).
-3
Let c = 167 - 103. Let z = 69 - c. Let o(p) = -p**2 + 6*p - 6. Determine o(z).
-1
Let i(a) be the first derivative of a**4/4 + 2*a**3 - 9*a**2/2 + 5*a - 24. Calculate i(-7).
19
Let m(a) be the second derivative of -5*a**3/6 + 14*a**2 - 11*a + 11. Give m(6).
-2
Let q(m) = 5*m**3 - 16*m**2 + 4*m + 4. Let a(x) = 4*x**3 - 13*x**2 + 5*x + 3. Let n(h) = -6*a(h) + 5*q(h). Determine n(4).
-6
Let c(q) = -59*q - 52*q + 112*q - 15. What is c(9)?
-6
Let o(t) = -9*t + 108 - 59 - 50. Suppose -3*d - 9 = -2*h + h, -3*h + 1 = 4*d. Determine o(d).
17
Let m(h) = -h**3 + h + 12. Let z = -132 + 132. Determine m(z).
12
Let r(x) be the third derivative of -x**5/60 - x**4/12 - x**3/3 + x**2. Let b = 4330 + -4332. What is r(b)?
-2
Let y(j) = -j**3 - 5*j**2 + 5. Suppose 0 = a - 0*a + 5. Determine y(a).
5
Suppose 3*n - h + 0*h = -11, -8 = 2*h. Let w(j) = j**2 + 3*j - 4. Give w(n).
6
Suppose 3*z = -12 + 18. Suppose -2*x = 2*g + 4, g = -4*x - 0*g - z. Let v(k) be the second derivative of k**5/20 - 3*k**2 - 2*k. Determine v(x).
-6
Suppose -3*m = 0, -6 + 3 = -y + m. Suppose 0 = g - 4*g + y. Let h(z) = 4*z**2 - z + 1. What is h(g)?
4
Let h(p) = 2*p - 4. Let g be h(7). Suppose 0*n + 5*n = -g. Let q(s) = s - 6. Let b(o) = 2. Let y(v) = 2*b(v) + q(v). Calculate y(n).
-4
Let k(m) = 14*m + 3. Let h = 386 - 388. Calculate k(h).
-25
Let f(j) = 2*j + 15. Let l be f(-7). Let o be (1/2)/(l/6). Let r be 1/(o + (-22)/8). Let h(w) = w**2 - 2*w. Give h(r).
8
Let o(g) = 4*g - 1. Let v(l) = -25*l - 3. Let j(p) = 5*o(p) + v(p). What is j(-8)?
32
Let g(t) = 17*t**3 + 48*t**2 + 44*t + 82. Let j(q) = -12*q**3 - 32*q**2 - 29*q - 55. Let a(v) = -5*g(v) - 7*j(v). What is a(-15)?
5
Suppose -4*v - 72 - 94 = -5*f, 74 = 3*f + 4*v. Let w be (-26)/3 + 20/f. Let m(q) = -q - 11. Calculate m(w).
-3
Let v(y) = y**2 - 5*y - 2. Suppose -1 = r - 3*f - 14, 16 = -3*r - 2*f. Let j be (r/(-6))/((-25)/(-375)). Calculate v(j).
-2
Let c(z) = 6*z - 14. Let m(j) = -8. Let x(r) be the first derivative of -r**2/2 + r + 6. Let b(d) = -m(d) + 5*x(d). Let g(f) = -5*b(f) - 4*c(f). What is g(5)?
-4
Let t(p) = 2*p - 5. Let j(n) = 2*n + 21. Let w be j(-17). Let y = -7 - w. Calculate t(y).
7
Let u = -168 + 165. Let w(t) = 5*t + 7. What is w(u)?
-8
Let d(g) = -4*g**2 - 6*g - 3. Suppose -3*o = -3 - 3. Let b(c) = 3*c**2 + 5*c + 2. Let n(i) = o*d(i) + 3*b(i). Calculate n(-4).
4
Let v(c) be the third derivative of c**5/60 + c**4/24 - 4*c**3/3 + 19*c**2. Let m(u) be the first derivative of v(u). Calculate m(-4).
-7
Let f be ((-3)/(-4))/(1/(-4)). Let u(l) = -l**2 + 4*l - 13. Let k(i) = -12*i**2 + 20 - 6*i + i**2 + 13*i**2. Let a(t) = -5*k(t) - 8*u(t). What is a(f)?
-8
Let b(l) = -4*l**2 - 10*l - 4. Let n(z) = -3*z**2 - 9*z - 3. Let p(j) = 2*b(j) - 3*n(j). Calculate p(-6).
-5
Let q = -1321 + 1320. Let v(i) = 69*i**2 + i + 1. Give v(q).
69
Let w(l) = 2*l - 3. Let n(m) = 3*m - 5. Let v(a) = 3*n(a) - 5*w(a). Let k(d) = -12*d. Let j(y) = 2*k(y) - 27*v(y). Let i be (-1)/(-9) - (-51)/27. Give j(i).
6
Suppose -2*r = -2 - 24. Let k(y) = 5*y + 0*y - 1 - 4*y - r. What is k(10)?
-4
Suppose -3*h + 5 + 16 = 0. Let r(m) = 3*m - m - 3*m + h + m**2. Calculate r(0).
7
Let s(h) be the second derivative of 3*h**5/20 - h**3/6 - 3*h**2/2 + 14*h. Let k(o) be the first derivative of s(o). Calculate k(1).
8
Let v(i) = -6*i**3 + 4*i**2 + 4*i + 6. Let g(w) = 5*w**3 - 3*w**2 - 3*w - 6. Let b(t) = 7*g(t) + 6*v(t). Determine b(4).
-10
Let s(h) = -h - 6. Suppose -2*l + 18 = -14. Let f = l - 14. Suppose 0 = f*r - 6*r. What is s(r)?
-6
Let l(r) = -r**2 + 7*r - 2. Let n(t) be the third derivative of t**5/10 + t**3/6 + 3*t**2. Let v be n(1). Give l(v).
-2
Let k(c) = c**2. Let v(w) = 4*w**2 - 13*w - 5. Let n(r) = -5*k(r) + v(r). Let m be n(-11). Let q be (-6)/9 + m/3. Let a(x) = x - 3. What is a(q)?
2
Let g be 15 + -20 + (-2)/(-2). Let a(h) = -2*h**2 - 6*h - 1. Calculate a(g).
-9
Let u(s) = -s**3 - 4*s**2 - s + 6. Let d(l) = l**2 + 18*l + 53. Let m be d(-14). Give u(m).
0
Suppose 2*a - 10 = -2*x, -5*a + 3*x + 5 = -2*x. Let s be a - (-4 + (-2)/(-2) + 4). Let b(l) = -l**3 - 3*l**2 + 2*l. Give b(s).
-16
Let r(p) be the second derivative of -p**5/20 - 5*p**4/4 + 8*p**3/3 - p**2/2 - 7*p - 2. Determine r(-16).
-1
Suppose -4*q = -3*z + 3 + 4, -z + 2*q + 5 = 0. Let a(u) = -3*u**2 - 7. Determine a(z).
-34
Let u be 1*(-4)/8*2. Let h be (-24 - -12)*u/2. Let i(t) be the first derivative of -t**3/3 + 5*t**2/2 + 2. Calculate i(h).
-6
Suppose -15*j + 14*j = -9. Let y(u) = -10 - 1 - j*u + 8*u. Calculate y(-11).
0
Let a(l) = l**2 + l + 8. Let r(n) = -19*n - 228. Let x be r(-12). Calculate a(x).
8
Let d(t) = -t**3 + 3*t**2 + 2 + 3*t + 3*t - 3*t. Let g(p) = -4*p**2 + 8*p - 2. Let a be g(2). Let s be 2*((-5 - a) + 5). Give d(s).
-2
Let q(z) = -z**2 + 2*z - 4. Let b(a) = a**3 - 10*a**2 + 10*a - 6. Let d = 20 + -39. Let u = -10 - d. Let l be b(u). What is q(l)?
-7
Let v(w) = 535*w**3 - 1061*w**3 + 5*w**2 + 527*w**3 - 5*w. Calculate v(-6).
-6
Let x(t) = 14*t - 79. Let o(c) = 5*c - 28. Let u(f) = -11*o(f) + 4*x(f). Let z be (-245)/(-25) - (-2)/10. Determine u(z).
2
Let n(m) = -m**3 - 3*m**2 - 4*m. Let l = -760 - -756. Calculate n(l).
32
Let s(a) = 3. Let v(g) = -3*g + 24. Let f(w) = 24*s(w) - 3*v(w). Give f(3).
27
Let q(w) be the third derivative of w**6/120 + 7*w**5/30 + w**4/24 + 5*w**3/6 - 52*w**2 + 3. What is q(-14)?
-9
Let l(m) = 2*m**2 - 5*m - 10. Let b(g) = 3*g**2 - 3*g - 9. Let u(k) = -3*b(k) + 4*l(k). Give u(-8).
11
Let f(t) = 23*t + 3. Let o be f(1). Let a = o + -23. Let i be (a - 1) + -15 + 16. Let k(h) = 2*h**2 - 5*h + 4. Determine k(i).
7
Let g(s) = 8 + 8*s + 10*s - 21*s + s. Calculate g(13).
-18
Suppose 112 = 67*d + 581. Let k(b) = -b**3 - 8*b**2 - 5*b + 2. Give k(d).
-12
Let p be 56/(-14) + 9/3 - -4. Let l(m) be the second derivative of -3/2*m**2 + 1/2*m**p - 7*m + 0. Calculate l(4).
9
Let r = -6 - -15. Let x = -10 + r. Let v(n) = 3*n + 1. Let t(g) = -g. Let c(h) = 3*t(h) - v(h). Calculate c(x).
5
Let n(d) be the first derivative of -d**2/2 + 15*d + 231. Let u(x) = -x + 4. Let f be u(-4). Determine n(f).
7
Let j be -1 + 201/12 - 2/(-8). Suppose 4 = -4*x, -s + j - 8 = -x. Let l(r) be the second derivative of r**3/6 - 9*r**2/2 - r. Determine l(s).
-2
Suppose -2*h - 22 - 6 = 0. Let g = h - -19. Let j(x) be the third derivative of x**6/120 - x**5/10 + x**4/3 - 5*x**3/6 + 12*x**2 + 2*x. Determine j(g).
10
Let i(h) = 9*h**2 - 4*h - 2. Let p be i(-1). Let n(g) = -g + 4 - p + 10. Give n(-4).
7
Let m(i) be the second derivative of i**4/2 - i**3/2 + 3*i**2/2 - i + 50. Determine m(1).
6
Suppose 0 = 5*r - 12*r - 28. Let t = 2 - r. Let f(j) be the third derivative of j**5/60 - j**4/4 + j**3/3 + 4*j**2. Give f(t).
2
Let h(a) be the second derivative of a**4/12 - 8*a**3/3 + 9*a**2/2 - 3*a - 15. Give h(13).
-30
Let m = -111 - -113. Let l(x) be the first derivative of x**3 - 3*x**2/2 + x - 10. Determine l(m).
7
Let h = -517 - -510. Let m(t) be the first derivative of -t**5/120 - t**4/6 - t